x + y. List the prime factors of x.
2
Suppose -24*c + 8712 + 336 = 0. What are the prime factors of c?
13, 29
Suppose m + 1 = 5*x, m + 2*m = 5*x + 17. Let p(b) = -b**2 + 10*b + 6. What are the prime factors of p(m)?
3, 5
Let v(d) = d**3 + 3*d**2 - 3*d + 3. What are the prime factors of v(3)?
2, 3
Let t = -3 - -8. What are the prime factors of 5/(t/(-31))*-1?
31
Let f(o) = 2*o**2 + 2*o. List the prime factors of f(3).
2, 3
What are the prime factors of -2 - (0 + -2*10)?
2, 3
Let x be 4*(22/8 + -2). Let h = 3 - x. Suppose h*o - 36 = -3*n - 3*o, 4*o = -n + 24. What are the prime factors of n?
2
Suppose d - 55 = -14. What are the prime factors of d?
41
Let t be (2 + 8*1)/2. Suppose 3*u = -t*z - 0*z - 3, -3*z + 5*u = 29. What are the prime factors of (0 - -1)*z/(-1)?
3
Let k = -3 - -1. List the prime factors of k/6 - 20/(-6).
3
Let j = 67 - 44. Suppose -4*w = -x + j, 3*x + 5*w = 2*x - 4. What are the prime factors of x?
11
Let m(s) = 7 - 3*s + 2*s**2 + 8*s - 3*s**2. List the prime factors of m(5).
7
Suppose l + 4*a + 16 = -0*a, -2*l - 5*a = 20. Suppose l = 5*w + 3*o - 224, -w + 2*w - 5*o - 56 = 0. List the prime factors of w.
2, 23
Let f(a) be the second derivative of -1/2*a**3 + 0 - 4*a - 5/2*a**2. What are the prime factors of f(-6)?
13
Let g(f) = f**3 + f**2 + f - 6. Let r be g(0). Let v(z) = z + 8. Let x be v(r). Suppose 0 = 4*d - 20, -3*d + 7 = t - x*t. List the prime factors of t.
2
Suppose -2*z = 2*c - 222, c + 1 + 2 = 0. What are the prime factors of z?
2, 3, 19
Let j(z) = 2*z - 4 + 0 + 0*z. List the prime factors of j(8).
2, 3
Suppose -4*v - 2 - 10 = 0. List the prime factors of 0 - (v - -1)*7.
2, 7
Suppose 2*c - 489 = o, 5*c + 2*o - 958 = c. List the prime factors of c.
2, 11
Let j = 63 - -94. What are the prime factors of j?
157
Let g(l) = -3*l - 3. Let a be g(-6). Let p = -12 + a. What are the prime factors of p?
3
Let k be -3 + 15/(-2 + 5). Suppose -k*i = -3*i + 21. What are the prime factors of i?
3, 7
Let c be -2 + (3 + 1)*2. Let m(d) = -2*d**2 - 3*d + 10. Let i(x) = -x**2 - 4*x + 9. Let r(s) = 3*i(s) - 2*m(s). List the prime factors of r(c).
7
Let r be 2/3*3/(-2). List the prime factors of r*(-2 + 0/3).
2
Let n(t) = -3*t**3 - 8*t**2 + 3*t. Let g = -7 - -5. Let b(z) = 7*z**3 + 17*z**2 - 7*z. Let j(c) = g*b(c) - 5*n(c). What are the prime factors of j(-6)?
2, 3
Suppose -3*r - 8 = -4*f - 2*r, 6 = 3*f + 4*r. Let a(k) = 4*k - 9. Let s be a(3). Let l = f + s. What are the prime factors of l?
5
Let p(m) be the third derivative of -m**6/120 - m**5/15 + m**4/4 - m**3/6 - 3*m**2. Let f be p(-5). What are the prime factors of 4/f + (-60)/(-9)?
2, 3
Let v(i) = -i**2 + i + 1. Let w(k) = 4*k**2 - 3*k - 7. Let y(s) = -3*v(s) - w(s). Let g be y(0). Suppose g + 40 = 4*n. List the prime factors of n.
11
Suppose 4*a + 179 = -x + 503, 0 = -a - 5*x + 62. Suppose 0*z = -2*z + a. What are the prime factors of z?
41
Suppose 6 = -3*d, -2*d + 31 = 3*q + 2*d. What are the prime factors of q?
13
Let y(c) = -c**2 - 14*c - 4. What are the prime factors of y(-12)?
2, 5
Let v be 12*(-1)/12*-4. Suppose m = -x + 5, -v*m = 3*x - 7 - 3. List the prime factors of x.
2, 5
Suppose 0 = 5*f - 4 - 6. Suppose 54 = f*j + j. What are the prime factors of j?
2, 3
Let c = -36 - -57. List the prime factors of c.
3, 7
Suppose -r = -h - 5*r + 18, -4*h - 3*r = -137. List the prime factors of h.
2, 19
Let u be (-4 - 1) + -2*1. Let o(l) = l**3 + 6*l**2 - 7*l + 5. Let n be o(u). Suppose 4*w + w = 5*s - 10, 0 = -5*s - n*w + 10. What are the prime factors of s?
2
Let s(j) be the first derivative of -j**4/4 + 7*j**3/3 + 5*j**2 - 2*j - 6. List the prime factors of s(8).
2, 7
Suppose 4*l + 2*h - 37 = -3*h, -3*h + 3 = -4*l. Suppose -4*n = -5*o + 39, -3 = -2*o + l*n + 7. What are the prime factors of o?
11
Suppose -20 = 5*t + 3*x, -2*t + 2*x - 20 = 3*t. Let p be 54/t - (-2)/(-4). What are the prime factors of (-4)/p - 66/(-14)?
5
Let h(g) = -10*g**2 + 4. Let i(o) = 11*o**2 - 5. Let m(c) = -6*h(c) - 5*i(c). List the prime factors of m(1).
2, 3
Let i(x) = -x**3 - 5*x**2 - 5*x + 2. Suppose -5*m = 18 + 7. What are the prime factors of i(m)?
3
Let i(r) = -2*r + 10. Let t be i(-9). Let h = t - 13. What are the prime factors of h?
3, 5
Let s = 9 + -1. Suppose -2*c + s = 3*j + 24, -3*j - 3*c = 21. What are the prime factors of 1*(j + 3)*10?
2, 5
Let x = 5 - 2. Let n(m) = -m**3 + 4*m**2 + 3. Let k be n(x). Suppose -j = -u + 4*u + k, 4*j + 5*u + 13 = 0. What are the prime factors of j?
3
Suppose 3*d + 12 = 4*o, -3*d - 2*o - 2*o - 36 = 0. List the prime factors of 256/10 - d/20.
2, 13
Let t(w) = -3*w - 1. Let j be t(-2). Let a = 13 - 7. Suppose j*r = a + 54. List the prime factors of r.
2, 3
Suppose h = 2*g - 269, -2*g - h = 3*g - 683. List the prime factors of g.
2, 17
Let w = 6 - 6. Let m(y) = -y**3 - y**2 - y + 13. What are the prime factors of m(w)?
13
Suppose 0 = -2*u + 4, -5*p - 15 = -5*u - 110. What are the prime factors of p?
3, 7
Let r(z) = z**2 - 2*z + 4. List the prime factors of r(-4).
2, 7
Suppose -4*i = i - 55. What are the prime factors of i?
11
Let b = 15 + -20. Let d = b - -30. List the prime factors of d.
5
Let g(v) = 4*v**2 - 1. Let y be g(1). Suppose -2*o = y*o + 5*l - 200, -l = 5*o - 184. Suppose 6 = -5*d + o. List the prime factors of d.
2, 3
List the prime factors of 5*6/75*135.
2, 3
Let f(u) = -u**2 - 7*u + 3. Let s be f(-8). Let y be (12/(-8))/((-6)/(-8)). Let o = y - s. What are the prime factors of o?
3
Let m(t) = -3*t + 5. Suppose 28 = -4*u - z, 0*u + 2*z - 10 = 3*u. Let h be m(u). Suppose 3*a - h = 10. What are the prime factors of a?
11
Let n be (21/(-2))/3*2. Let y(l) = -l**2 - 9*l + 4. What are the prime factors of y(n)?
2, 3
Suppose -3*q = 2*q - 15. What are the prime factors of q?
3
What are the prime factors of 6/(-6) + 3*(-92)/(-6)?
3, 5
Let c(x) = x - 4. Let d be c(7). Let k be (-6)/(-3) + 3 + d. Suppose 0 = 4*r - k, 0 = -h - 0*h - 3*r + 12. What are the prime factors of h?
2, 3
Let b(k) = 6*k + 7 - k**2 - 10*k - 3*k. List the prime factors of b(-6).
13
Let n(a) = 8*a - 3. Let u(l) = -39*l + 15. Let i(k) = -24*n(k) - 5*u(k). Suppose -5*p + 32 = -3*f - 0*f, -3*p + 32 = -5*f. What are the prime factors of i(p)?
3
Let d(q) = 2*q - 9. Let t be d(6). Suppose 15 = -3*w, -s + 15 - 4 = -w. Let b = s + t. What are the prime factors of b?
3
Suppose -1 = h + 2. What are the prime factors of -10*1/(-1) - h?
13
Suppose -2*m + 2190 = 13*m. List the prime factors of m.
2, 73
Let t = -12 - -14. List the prime factors of t.
2
Let k(w) = -w**3 + 6*w**2 - 6*w + 6. Let s be k(5). Suppose 2 + s = y. List the prime factors of 3 + (1 - (3 - y)).
2
Let c(l) be the second derivative of l**5/20 - l**4/3 + l**3/3 + l**2 + 2*l. Let q be c(2). What are the prime factors of 1 + q - (-5 + -4)?
2
Suppose -2*k + 5*r + 323 = 0, 124 = -4*k + 5*k + 5*r. What are the prime factors of k?
149
Let z(o) = 34*o + 5. What are the prime factors of z(3)?
107
Let b(j) = -2*j + 2. Let y be b(-2). Let r(i) = -i**3 + 6*i**2 + i + 3. What are the prime factors of r(y)?
3
Let z(t) = 77*t**2. What are the prime factors of z(-1)?
7, 11
Suppose 2*y = 102 - 56. What are the prime factors of y?
23
Suppose 5*i = 4 + 11. Suppose 4*s = -i*h + 245, -4*h = -3*s - 2*s + 345. Suppose 5*k - s - 15 = 0. What are the prime factors of k?
2
List the prime factors of 280/6*(-30)/(-20).
2, 5, 7
Let v(f) = -2*f**2 - 2*f + 1. Let n(k) = -k + 1. Let r(a) = -6*n(a) + 2*v(a). Let t be r(-5). List the prime factors of (4 + -1)/((-18)/t).
19
Let d(b) = 4*b - 1. Let f be d(1). Let l(n) = n**2 + n + 1. List the prime factors of l(f).
13
Let n(r) = -3*r**2 + 9*r - 14. Let l(w) = -4*w**2 + 9*w - 15. Let v(f) = -5*l(f) + 6*n(f). What are the prime factors of v(-7)?
2, 13
Suppose 2*t + 64 = 6*t. What are the prime factors of t?
2
Suppose n = -3*n + 20. Suppose -2*i + n = -99. Suppose -i = -4*b - 0. List the prime factors of b.
13
Let q = 3 - 138. Let l = -94 - q. List the prime factors of l.
41
What are the prime factors of -10*7/42*(-1 - 14)?
5
Let p(g) = g**2 + 2*g + 115. List the prime factors of p(0).
5, 23
Suppose r - 21 = -0*z - 5*z, -5*r = -z - 1. Suppose -z*b + 2*k = -202, -309 + 89 = -4*b - 4*k. List the prime factors of b.
2, 13
Let d(u) = 2 - u + 4*u - 2*u. List the prime factors of d(4).
2, 3
Let l be -6*2*3/(-6). Suppose -d = -l -